{"id":136,"date":"2014-08-07T09:40:10","date_gmt":"2014-08-07T07:40:10","guid":{"rendered":"http:\/\/regionalcup.athletico-buedelsdorf.de\/?page_id=136"},"modified":"2019-05-02T19:45:29","modified_gmt":"2019-05-02T17:45:29","slug":"ausschreibung-jugendlicheschueler","status":"publish","type":"page","link":"https:\/\/regionalcup.athletico-buedelsdorf.de\/?page_id=136","title":{"rendered":"Ausschreibung Jugendliche\/Sch\u00fcler"},"content":{"rendered":"<p><span style=\"text-decoration: underline;\"><strong>Auswertung:<\/strong><\/span><\/p>\n<p>Rolf Dammann, <a href=\"mailto:regionalcup@freenet.de\" target=\"_blank\" rel=\"noopener noreferrer\">regionalcup@freenet.de<\/a><\/p>\n<p><span style=\"text-decoration: underline;\"><strong>Allgemein:<\/strong><\/span><\/p>\n<p>Es erfolgt eine einheitliche Wertung bei allen L\u00e4ufen. Eine Vereinszugeh\u00f6rigkeit ist nicht n\u00f6tig. Eine zus\u00e4tzliche Anmeldung zum Regionalcup ist nicht erforderlich.<\/p>\n<p><span style=\"text-decoration: underline;\"><strong>Punktevergabe:<\/strong><\/span><\/p>\n<p>Die ersten 20 L\u00e4uferinnen und L\u00e4ufer der Sch\u00fcler\/innen bzw. Jugendklassen kommen in die Punktewertung.<\/p>\n<p><span style=\"text-decoration: underline;\"><strong>Punktesystem:<\/strong><\/span><\/p>\n<p>Punktemodus: Platz 1 = 20 Punkte bis Platz 20 = 1 Punkt<br \/>\nBei Punktgleichheit entscheiden die besseren Einzelplatzierungen.<\/p>\n<p><span style=\"text-decoration: underline;\"><strong>Klasseneinteilung:<\/strong><\/span><\/p>\n<p>m\u00e4nnl. \/ weibl. Jugend<br \/>\nSch\u00fcler\/innen A<br \/>\nSch\u00fcler\/innen B<br \/>\nSch\u00fcler\/innen C<br \/>\nSch\u00fcler\/innen D<\/p>\n<p>Altersklasseneinteilung und Wertung des Regional-Cups sind unabh\u00e4ngig von der Einteilung und Wertung bei der jeweiligen Lauf-Veranstaltung.<\/p>\n<p><span style=\"text-decoration: underline;\"><strong>Preise:<\/strong><\/span><\/p>\n<p>F\u00fcr die Punktewertung z\u00e4hlt nur die jeweilige Kurzstrecke (Kein Hauptlauf oder Zwergensprint). Es werden nur 6 von 9 L\u00e4ufen gewertet. Wird an mehr L\u00e4ufen teilgenommen, gilt\/gelten das schlechteste\/die schlechtesten als Streichergebnis! <strong>F\u00fcr die Endauswertung ist eine Mindestanzahl von 3 L\u00e4ufen notwendig<\/strong>. Die jeweils ersten drei Sieger einer Klasse werden bei der letzten Laufveranstaltung, dem 30. B\u00fcdelsdorfer Eiderlauf am 20. Oktober 2019, geehrt.<br \/>\nDie ersten 3 je Altersklasse bekommen einen Pokal und eine Urkunde.<\/p>\n","protected":false},"excerpt":{"rendered":"<p>Auswertung: Rolf Dammann, regionalcup@freenet.de Allgemein: Es erfolgt eine einheitliche Wertung bei allen L\u00e4ufen. Eine Vereinszugeh\u00f6rigkeit ist nicht n\u00f6tig. Eine zus\u00e4tzliche Anmeldung zum Regionalcup ist nicht erforderlich. Punktevergabe: Die ersten 20 L\u00e4uferinnen und L\u00e4ufer der&#46;&#46;&#46;<\/p>\n","protected":false},"author":1,"featured_media":0,"parent":0,"menu_order":0,"comment_status":"open","ping_status":"open","template":"","meta":{"ngg_post_thumbnail":0,"footnotes":""},"class_list":["post-136","page","type-page","status-publish","hentry"],"_links":{"self":[{"href":"https:\/\/regionalcup.athletico-buedelsdorf.de\/index.php?rest_route=\/wp\/v2\/pages\/136","targetHints":{"allow":["GET"]}}],"collection":[{"href":"https:\/\/regionalcup.athletico-buedelsdorf.de\/index.php?rest_route=\/wp\/v2\/pages"}],"about":[{"href":"https:\/\/regionalcup.athletico-buedelsdorf.de\/index.php?rest_route=\/wp\/v2\/types\/page"}],"author":[{"embeddable":true,"href":"https:\/\/regionalcup.athletico-buedelsdorf.de\/index.php?rest_route=\/wp\/v2\/users\/1"}],"replies":[{"embeddable":true,"href":"https:\/\/regionalcup.athletico-buedelsdorf.de\/index.php?rest_route=%2Fwp%2Fv2%2Fcomments&post=136"}],"version-history":[{"count":15,"href":"https:\/\/regionalcup.athletico-buedelsdorf.de\/index.php?rest_route=\/wp\/v2\/pages\/136\/revisions"}],"predecessor-version":[{"id":832,"href":"https:\/\/regionalcup.athletico-buedelsdorf.de\/index.php?rest_route=\/wp\/v2\/pages\/136\/revisions\/832"}],"wp:attachment":[{"href":"https:\/\/regionalcup.athletico-buedelsdorf.de\/index.php?rest_route=%2Fwp%2Fv2%2Fmedia&parent=136"}],"curies":[{"name":"wp","href":"https:\/\/api.w.org\/{rel}","templated":true}]}}

Ausschreibung Jugendliche/Schüler

<p><span style="text-decoration: underline;"><strong>Auswertung:</strong></span></p>
<p>Rolf Dammann, <a href="mailto:regionalcup@freenet.de" target="_blank" rel="noopener noreferrer">regionalcup@freenet.de</a></p>
<p><span style="text-decoration: underline;"><strong>Allgemein:</strong></span></p>
<p>Es erfolgt eine einheitliche Wertung bei allen Läufen. Eine Vereinszugehörigkeit ist nicht nötig. Eine zusätzliche Anmeldung zum Regionalcup ist nicht erforderlich.</p>
<p><span style="text-decoration: underline;"><strong>Punktevergabe:</strong></span></p>
<p>Die ersten 20 Läuferinnen und Läufer der Schüler/innen bzw. Jugendklassen kommen in die Punktewertung.</p>
<p><span style="text-decoration: underline;"><strong>Punktesystem:</strong></span></p>
<p>Punktemodus: Platz 1 = 20 Punkte bis Platz 20 = 1 Punkt<br />
Bei Punktgleichheit entscheiden die besseren Einzelplatzierungen.</p>
<p><span style="text-decoration: underline;"><strong>Klasseneinteilung:</strong></span></p>
<p>männl. / weibl. Jugend<br />
Schüler/innen A<br />
Schüler/innen B<br />
Schüler/innen C<br />
Schüler/innen D</p>
<p>Altersklasseneinteilung und Wertung des Regional-Cups sind unabhängig von der Einteilung und Wertung bei der jeweiligen Lauf-Veranstaltung.</p>
<p><span style="text-decoration: underline;"><strong>Preise:</strong></span></p>
<p>Für die Punktewertung zählt nur die jeweilige Kurzstrecke (Kein Hauptlauf oder Zwergensprint). Es werden nur 6 von 9 Läufen gewertet. Wird an mehr Läufen teilgenommen, gilt/gelten das schlechteste/die schlechtesten als Streichergebnis! <strong>Für die Endauswertung ist eine Mindestanzahl von 3 Läufen notwendig</strong>. Die jeweils ersten drei Sieger einer Klasse werden bei der letzten Laufveranstaltung, dem 30. Büdelsdorfer Eiderlauf am 20. Oktober 2019, geehrt.<br />
Die ersten 3 je Altersklasse bekommen einen Pokal und eine Urkunde.</p>

<p>Auswertung: Rolf Dammann, regionalcup@freenet.de Allgemein: Es erfolgt eine einheitliche Wertung bei allen Läufen. Eine Vereinszugehörigkeit ist nicht nötig. Eine zusätzliche Anmeldung zum Regionalcup ist nicht erforderlich. Punktevergabe: Die ersten 20 Läuferinnen und Läufer der&#46;&#46;&#46;</p>
