{"id":288,"date":"2014-08-13T14:23:05","date_gmt":"2014-08-13T12:23:05","guid":{"rendered":"http:\/\/regionalcup.athletico-buedelsdorf.de\/?page_id=288"},"modified":"2014-08-15T08:55:57","modified_gmt":"2014-08-15T06:55:57","slug":"ergebnisse-2008","status":"publish","type":"page","link":"https:\/\/regionalcup.athletico-buedelsdorf.de\/?page_id=288","title":{"rendered":"Ergebnisse 2008"},"content":{"rendered":"<p><a href=\"http:\/\/regionalcup.athletico-buedelsdorf.de\/wp-content\/uploads\/2014\/08\/MHK_2008.pdf\" target=\"_blank\">M\u00e4nner &#8211; Hauptklasse<\/a><\/p>\n<p><a href=\"http:\/\/regionalcup.athletico-buedelsdorf.de\/wp-content\/uploads\/2014\/08\/MMKI_2008.pdf\" target=\"_blank\">M\u00e4nner &#8211; Masterklasse I<\/a><\/p>\n<p><a href=\"http:\/\/regionalcup.athletico-buedelsdorf.de\/wp-content\/uploads\/2014\/08\/MMKII_2008.pdf\" target=\"_blank\">M\u00e4nner &#8211; Masterklasse II<\/a><\/p>\n<p><a href=\"http:\/\/regionalcup.athletico-buedelsdorf.de\/wp-content\/uploads\/2014\/08\/FHK_2008.pdf\" target=\"_blank\">Frauen &#8211; Hauptklasse<\/a><\/p>\n<p><a href=\"http:\/\/regionalcup.athletico-buedelsdorf.de\/wp-content\/uploads\/2014\/08\/MMKI_2008.pdf\" target=\"_blank\">Frauen &#8211; Masterklasse I<\/a><\/p>\n<p><a href=\"http:\/\/regionalcup.athletico-buedelsdorf.de\/wp-content\/uploads\/2014\/08\/MMKII_2008.pdf\" target=\"_blank\">Frauen &#8211; Masterklasse II<\/a><\/p>\n<p><a href=\"http:\/\/regionalcup.athletico-buedelsdorf.de\/wp-content\/uploads\/2014\/08\/Teamwertung_2008.pdf\" target=\"_blank\">Teamwertung<\/a><\/p>\n<p>&nbsp;<\/p>\n","protected":false},"excerpt":{"rendered":"<p>M\u00e4nner &#8211; Hauptklasse M\u00e4nner &#8211; Masterklasse I M\u00e4nner &#8211; Masterklasse II Frauen &#8211; Hauptklasse Frauen &#8211; Masterklasse I Frauen &#8211; Masterklasse II Teamwertung &nbsp;<\/p>\n","protected":false},"author":1,"featured_media":0,"parent":0,"menu_order":0,"comment_status":"open","ping_status":"open","template":"","meta":{"ngg_post_thumbnail":0,"footnotes":""},"class_list":["post-288","page","type-page","status-publish","hentry"],"_links":{"self":[{"href":"https:\/\/regionalcup.athletico-buedelsdorf.de\/index.php?rest_route=\/wp\/v2\/pages\/288","targetHints":{"allow":["GET"]}}],"collection":[{"href":"https:\/\/regionalcup.athletico-buedelsdorf.de\/index.php?rest_route=\/wp\/v2\/pages"}],"about":[{"href":"https:\/\/regionalcup.athletico-buedelsdorf.de\/index.php?rest_route=\/wp\/v2\/types\/page"}],"author":[{"embeddable":true,"href":"https:\/\/regionalcup.athletico-buedelsdorf.de\/index.php?rest_route=\/wp\/v2\/users\/1"}],"replies":[{"embeddable":true,"href":"https:\/\/regionalcup.athletico-buedelsdorf.de\/index.php?rest_route=%2Fwp%2Fv2%2Fcomments&post=288"}],"version-history":[{"count":5,"href":"https:\/\/regionalcup.athletico-buedelsdorf.de\/index.php?rest_route=\/wp\/v2\/pages\/288\/revisions"}],"predecessor-version":[{"id":317,"href":"https:\/\/regionalcup.athletico-buedelsdorf.de\/index.php?rest_route=\/wp\/v2\/pages\/288\/revisions\/317"}],"wp:attachment":[{"href":"https:\/\/regionalcup.athletico-buedelsdorf.de\/index.php?rest_route=%2Fwp%2Fv2%2Fmedia&parent=288"}],"curies":[{"name":"wp","href":"https:\/\/api.w.org\/{rel}","templated":true}]}}