{"id":889,"date":"2019-05-16T13:18:36","date_gmt":"2019-05-16T11:18:36","guid":{"rendered":"http:\/\/regionalcup.athletico-buedelsdorf.de\/?page_id=889"},"modified":"2019-05-16T13:18:38","modified_gmt":"2019-05-16T11:18:38","slug":"regionalcup-auch-im-jahr-2015","status":"publish","type":"page","link":"https:\/\/regionalcup.athletico-buedelsdorf.de\/?page_id=889","title":{"rendered":"Regionalcup auch im Jahr 2015"},"content":{"rendered":"\n<p>Wir freuen uns Euch auch 2015 wieder einen Finisher-Sport Regionalcup pr\u00e4sentieren zu k\u00f6nnen. Auf einem Treffen der Veranstalter wurden die ersten Termine festgelegt.<\/p>\n\n\n\n<p>In Neu Duvenstedt ist wieder die letzte M\u00f6glichkeit Punkte zu sammeln, die Siegerehrung findet dann am 18.10.2015 im Rahmen des B\u00fcdelsdorfer Eiderlaufs statt.<\/p>\n\n\n\n<p>Einzige \u00c4nderung zum Vorjahr: Eine Mannschaftswertung kommt bereits ab 4 L\u00e4ufern\/L\u00e4uferinnen zu Stande anstatt wie bisher 5.<\/p>\n\n\n\n<p>Termine 2015 (ohne Gew\u00e4hr):<\/p>\n\n\n\n<p>Nortorf, 15.05.2015<\/p>\n\n\n\n<p>Westerr\u00f6nfel, 15.05.2015<\/p>\n\n\n\n<p>Bredenbek, 21.5.2015<\/p>\n\n\n\n<p>Bargstedt, 19.06.2015<\/p>\n\n\n\n<p>Rendsburg, 11.7.2015<\/p>\n\n\n\n<p>Breiholz, 21.7.2015<\/p>\n\n\n\n<p>Fockbek, 7.8.2015<\/p>\n\n\n\n<p>Bokel, 19.08.2015<\/p>\n\n\n\n<p>Osterr\u00f6nfeld, 28.08.2015<\/p>\n\n\n\n<p>Duvenstedt, 3.10.2015<\/p>\n\n\n\n<p>B\u00fcdelsdorf, 18.10.2015<\/p>\n","protected":false},"excerpt":{"rendered":"<p>Wir freuen uns Euch auch 2015 wieder einen Finisher-Sport Regionalcup pr\u00e4sentieren zu k\u00f6nnen. Auf einem Treffen der Veranstalter wurden die ersten Termine festgelegt. In Neu Duvenstedt ist wieder die letzte M\u00f6glichkeit Punkte zu sammeln,&#46;&#46;&#46;<\/p>\n","protected":false},"author":1,"featured_media":0,"parent":0,"menu_order":0,"comment_status":"closed","ping_status":"closed","template":"","meta":{"ngg_post_thumbnail":0,"footnotes":""},"class_list":["post-889","page","type-page","status-publish","hentry"],"_links":{"self":[{"href":"https:\/\/regionalcup.athletico-buedelsdorf.de\/index.php?rest_route=\/wp\/v2\/pages\/889","targetHints":{"allow":["GET"]}}],"collection":[{"href":"https:\/\/regionalcup.athletico-buedelsdorf.de\/index.php?rest_route=\/wp\/v2\/pages"}],"about":[{"href":"https:\/\/regionalcup.athletico-buedelsdorf.de\/index.php?rest_route=\/wp\/v2\/types\/page"}],"author":[{"embeddable":true,"href":"https:\/\/regionalcup.athletico-buedelsdorf.de\/index.php?rest_route=\/wp\/v2\/users\/1"}],"replies":[{"embeddable":true,"href":"https:\/\/regionalcup.athletico-buedelsdorf.de\/index.php?rest_route=%2Fwp%2Fv2%2Fcomments&post=889"}],"version-history":[{"count":1,"href":"https:\/\/regionalcup.athletico-buedelsdorf.de\/index.php?rest_route=\/wp\/v2\/pages\/889\/revisions"}],"predecessor-version":[{"id":890,"href":"https:\/\/regionalcup.athletico-buedelsdorf.de\/index.php?rest_route=\/wp\/v2\/pages\/889\/revisions\/890"}],"wp:attachment":[{"href":"https:\/\/regionalcup.athletico-buedelsdorf.de\/index.php?rest_route=%2Fwp%2Fv2%2Fmedia&parent=889"}],"curies":[{"name":"wp","href":"https:\/\/api.w.org\/{rel}","templated":true}]}}

<p>Wir freuen uns Euch auch 2015 wieder einen Finisher-Sport Regionalcup präsentieren zu können. Auf einem Treffen der Veranstalter wurden die ersten Termine festgelegt.</p>



<p>In Neu Duvenstedt ist wieder die letzte Möglichkeit Punkte zu sammeln, die Siegerehrung findet dann am 18.10.2015 im Rahmen des Büdelsdorfer Eiderlaufs statt.</p>



<p>Einzige Änderung zum Vorjahr: Eine Mannschaftswertung kommt bereits ab 4 Läufern/Läuferinnen zu Stande anstatt wie bisher 5.</p>



<p>Termine 2015 (ohne Gewähr):</p>



<p>Nortorf, 15.05.2015</p>



<p>Westerrönfel, 15.05.2015</p>



<p>Bredenbek, 21.5.2015</p>



<p>Bargstedt, 19.06.2015</p>



<p>Rendsburg, 11.7.2015</p>



<p>Breiholz, 21.7.2015</p>



<p>Fockbek, 7.8.2015</p>



<p>Bokel, 19.08.2015</p>



<p>Osterrönfeld, 28.08.2015</p>



<p>Duvenstedt, 3.10.2015</p>



<p>Büdelsdorf, 18.10.2015</p>

<p>Wir freuen uns Euch auch 2015 wieder einen Finisher-Sport Regionalcup präsentieren zu können. Auf einem Treffen der Veranstalter wurden die ersten Termine festgelegt. In Neu Duvenstedt ist wieder die letzte Möglichkeit Punkte zu sammeln,&#46;&#46;&#46;</p>
